{"id":157,"date":"2016-07-27T18:15:02","date_gmt":"2016-07-27T16:15:02","guid":{"rendered":"http:\/\/www.sylviane-gaussin.be\/WP2\/?page_id=157"},"modified":"2026-03-31T16:17:28","modified_gmt":"2026-03-31T14:17:28","slug":"actualite","status":"publish","type":"page","link":"http:\/\/www.sylviane-gaussin.be\/WP2\/index.php\/actualite\/","title":{"rendered":"Actualit\u00e9"},"content":{"rendered":"\n<h2 class=\"wp-block-heading\">API Art Perspectives International<\/h2>\n\n\n\n<p>Ch\u00e2teau Jourdain &#8211; Kasteelweg 4 &#8211; 1950 Krainem<\/p>\n\n\n\n<p>VERNISSAGE: Vendredi 13 mars 2026 de 18h \u00e0 21h.<br>Samedi 14 mars et dimanche 15 mars de 11h \u00e0 18h<\/p>\n\n\n\n<figure class=\"wp-block-image size-large is-resized\"><a href=\"https:\/\/i0.wp.com\/www.sylviane-gaussin.be\/WP2\/wp-content\/uploads\/2026\/02\/API-INVIT-JOURDIN-2026_RECTO-scaled.jpg?ssl=1\"><img data-recalc-dims=\"1\" loading=\"lazy\" decoding=\"async\" width=\"1024\" height=\"512\" data-attachment-id=\"14276\" data-permalink=\"http:\/\/www.sylviane-gaussin.be\/WP2\/index.php\/actualite\/api-invit-jourdin-2026_recto\/\" data-orig-file=\"https:\/\/i0.wp.com\/www.sylviane-gaussin.be\/WP2\/wp-content\/uploads\/2026\/02\/API-INVIT-JOURDIN-2026_RECTO-scaled.jpg?fit=2560%2C1280\" data-orig-size=\"2560,1280\" data-comments-opened=\"1\" data-image-meta=\"{&quot;aperture&quot;:&quot;0&quot;,&quot;credit&quot;:&quot;&quot;,&quot;camera&quot;:&quot;&quot;,&quot;caption&quot;:&quot;&quot;,&quot;created_timestamp&quot;:&quot;0&quot;,&quot;copyright&quot;:&quot;&quot;,&quot;focal_length&quot;:&quot;0&quot;,&quot;iso&quot;:&quot;0&quot;,&quot;shutter_speed&quot;:&quot;0&quot;,&quot;title&quot;:&quot;&quot;,&quot;orientation&quot;:&quot;0&quot;}\" data-image-title=\"API INVIT JOURDIN 2026_RECTO\" data-image-description=\"\" data-image-caption=\"\" data-large-file=\"https:\/\/i0.wp.com\/www.sylviane-gaussin.be\/WP2\/wp-content\/uploads\/2026\/02\/API-INVIT-JOURDIN-2026_RECTO-scaled.jpg?fit=1024%2C512\" src=\"https:\/\/i0.wp.com\/www.sylviane-gaussin.be\/WP2\/wp-content\/uploads\/2026\/02\/API-INVIT-JOURDIN-2026_RECTO-1024x512.jpg?resize=1024%2C512&#038;ssl=1\" alt=\"\" class=\"wp-image-14276\" style=\"width:444px;height:auto\" srcset=\"https:\/\/i0.wp.com\/www.sylviane-gaussin.be\/WP2\/wp-content\/uploads\/2026\/02\/API-INVIT-JOURDIN-2026_RECTO-scaled.jpg?resize=1024%2C512 1024w, https:\/\/i0.wp.com\/www.sylviane-gaussin.be\/WP2\/wp-content\/uploads\/2026\/02\/API-INVIT-JOURDIN-2026_RECTO-scaled.jpg?resize=300%2C150 300w, https:\/\/i0.wp.com\/www.sylviane-gaussin.be\/WP2\/wp-content\/uploads\/2026\/02\/API-INVIT-JOURDIN-2026_RECTO-scaled.jpg?resize=768%2C384 768w, https:\/\/i0.wp.com\/www.sylviane-gaussin.be\/WP2\/wp-content\/uploads\/2026\/02\/API-INVIT-JOURDIN-2026_RECTO-scaled.jpg?resize=1536%2C768 1536w, https:\/\/i0.wp.com\/www.sylviane-gaussin.be\/WP2\/wp-content\/uploads\/2026\/02\/API-INVIT-JOURDIN-2026_RECTO-scaled.jpg?resize=2048%2C1024 2048w, https:\/\/i0.wp.com\/www.sylviane-gaussin.be\/WP2\/wp-content\/uploads\/2026\/02\/API-INVIT-JOURDIN-2026_RECTO-scaled.jpg?w=2160 2160w\" sizes=\"auto, (max-width: 1024px) 100vw, 1024px\" \/><\/a><\/figure>\n\n\n\n<p><\/p>\n\n\n\n<h2 class=\"wp-block-heading\">Art en Chemin<\/h2>\n\n\n\n<p>Nivelles<\/p>\n\n\n\n<p>Du 17 au 19 avril &#8211; Samedi de 14h \u00e0 18h &#8211; Dimanche de 10h \u00e0 18h<\/p>\n\n\n\n<figure class=\"wp-block-image size-large is-resized\"><a href=\"https:\/\/i0.wp.com\/www.sylviane-gaussin.be\/WP2\/wp-content\/uploads\/2026\/03\/26-04-17-BannerEvent-AEC26.png?ssl=1\"><img data-recalc-dims=\"1\" loading=\"lazy\" decoding=\"async\" width=\"1024\" height=\"537\" data-attachment-id=\"14489\" data-permalink=\"http:\/\/www.sylviane-gaussin.be\/WP2\/index.php\/actualite\/26-04-17-bannerevent-aec26\/\" data-orig-file=\"https:\/\/i0.wp.com\/www.sylviane-gaussin.be\/WP2\/wp-content\/uploads\/2026\/03\/26-04-17-BannerEvent-AEC26.png?fit=2048%2C1073\" data-orig-size=\"2048,1073\" data-comments-opened=\"1\" data-image-meta=\"{&quot;aperture&quot;:&quot;0&quot;,&quot;credit&quot;:&quot;&quot;,&quot;camera&quot;:&quot;&quot;,&quot;caption&quot;:&quot;&quot;,&quot;created_timestamp&quot;:&quot;0&quot;,&quot;copyright&quot;:&quot;&quot;,&quot;focal_length&quot;:&quot;0&quot;,&quot;iso&quot;:&quot;0&quot;,&quot;shutter_speed&quot;:&quot;0&quot;,&quot;title&quot;:&quot;&quot;,&quot;orientation&quot;:&quot;0&quot;}\" data-image-title=\"26-04-17-BannerEvent-AEC26\" data-image-description=\"\" data-image-caption=\"\" data-large-file=\"https:\/\/i0.wp.com\/www.sylviane-gaussin.be\/WP2\/wp-content\/uploads\/2026\/03\/26-04-17-BannerEvent-AEC26.png?fit=1024%2C537\" src=\"https:\/\/i0.wp.com\/www.sylviane-gaussin.be\/WP2\/wp-content\/uploads\/2026\/03\/26-04-17-BannerEvent-AEC26-1024x537.png?resize=1024%2C537&#038;ssl=1\" alt=\"\" class=\"wp-image-14489\" style=\"aspect-ratio:1.9069239500567536;width:466px;height:auto\" srcset=\"https:\/\/i0.wp.com\/www.sylviane-gaussin.be\/WP2\/wp-content\/uploads\/2026\/03\/26-04-17-BannerEvent-AEC26.png?resize=1024%2C537 1024w, https:\/\/i0.wp.com\/www.sylviane-gaussin.be\/WP2\/wp-content\/uploads\/2026\/03\/26-04-17-BannerEvent-AEC26.png?resize=300%2C157 300w, https:\/\/i0.wp.com\/www.sylviane-gaussin.be\/WP2\/wp-content\/uploads\/2026\/03\/26-04-17-BannerEvent-AEC26.png?resize=768%2C402 768w, https:\/\/i0.wp.com\/www.sylviane-gaussin.be\/WP2\/wp-content\/uploads\/2026\/03\/26-04-17-BannerEvent-AEC26.png?resize=1536%2C805 1536w, https:\/\/i0.wp.com\/www.sylviane-gaussin.be\/WP2\/wp-content\/uploads\/2026\/03\/26-04-17-BannerEvent-AEC26.png?w=2048 2048w\" sizes=\"auto, (max-width: 1024px) 100vw, 1024px\" \/><\/a><\/figure>\n\n\n\n<h2 class=\"wp-block-heading\">Ecrin<\/h2>\n\n\n\n<p>Eghez\u00e9e &#8211; 16 et 17 mai<\/p>\n","protected":false},"excerpt":{"rendered":"<p class=\"excerpt\">API Art Perspectives International Ch\u00e2teau Jourdain &#8211; Kasteelweg 4 &#8211; 1950 Krainem VERNISSAGE: Vendredi 13 mars 2026 de 18h \u00e0 21h.Samedi 14 mars et dimanche 15 mars de 11h \u00e0 18h Art en Chemin Nivelles Du 17 au 19 avril &#8211; Samedi de 14h \u00e0 18h &#8211; Dimanche de 10h \u00e0 18h Ecrin Eghez\u00e9e &#8211; [&hellip;]<\/p>\n","protected":false},"author":1,"featured_media":0,"parent":0,"menu_order":0,"comment_status":"closed","ping_status":"closed","template":"","meta":{"jetpack_post_was_ever_published":false,"footnotes":""},"class_list":["post-157","page","type-page","status-publish","hentry"],"jetpack_sharing_enabled":true,"jetpack_shortlink":"https:\/\/wp.me\/P7GLIc-2x","jetpack-related-posts":[],"_links":{"self":[{"href":"http:\/\/www.sylviane-gaussin.be\/WP2\/index.php\/wp-json\/wp\/v2\/pages\/157","targetHints":{"allow":["GET"]}}],"collection":[{"href":"http:\/\/www.sylviane-gaussin.be\/WP2\/index.php\/wp-json\/wp\/v2\/pages"}],"about":[{"href":"http:\/\/www.sylviane-gaussin.be\/WP2\/index.php\/wp-json\/wp\/v2\/types\/page"}],"author":[{"embeddable":true,"href":"http:\/\/www.sylviane-gaussin.be\/WP2\/index.php\/wp-json\/wp\/v2\/users\/1"}],"replies":[{"embeddable":true,"href":"http:\/\/www.sylviane-gaussin.be\/WP2\/index.php\/wp-json\/wp\/v2\/comments?post=157"}],"version-history":[{"count":138,"href":"http:\/\/www.sylviane-gaussin.be\/WP2\/index.php\/wp-json\/wp\/v2\/pages\/157\/revisions"}],"predecessor-version":[{"id":14491,"href":"http:\/\/www.sylviane-gaussin.be\/WP2\/index.php\/wp-json\/wp\/v2\/pages\/157\/revisions\/14491"}],"wp:attachment":[{"href":"http:\/\/www.sylviane-gaussin.be\/WP2\/index.php\/wp-json\/wp\/v2\/media?parent=157"}],"curies":[{"name":"wp","href":"https:\/\/api.w.org\/{rel}","templated":true}]}}

Actualité

<h2 class="wp-block-heading">API Art Perspectives International</h2>



<p>Château Jourdain &#8211; Kasteelweg 4 &#8211; 1950 Krainem</p>



<p>VERNISSAGE: Vendredi 13 mars 2026 de 18h à 21h.<br>Samedi 14 mars et dimanche 15 mars de 11h à 18h</p>



<figure class="wp-block-image size-large is-resized"><a href="https://i0.wp.com/www.sylviane-gaussin.be/WP2/wp-content/uploads/2026/02/API-INVIT-JOURDIN-2026_RECTO-scaled.jpg?ssl=1"><img data-recalc-dims="1" loading="lazy" decoding="async" width="1024" height="512" data-attachment-id="14276" data-permalink="http://www.sylviane-gaussin.be/WP2/index.php/actualite/api-invit-jourdin-2026_recto/" data-orig-file="https://i0.wp.com/www.sylviane-gaussin.be/WP2/wp-content/uploads/2026/02/API-INVIT-JOURDIN-2026_RECTO-scaled.jpg?fit=2560%2C1280" data-orig-size="2560,1280" data-comments-opened="1" data-image-meta="{&quot;aperture&quot;:&quot;0&quot;,&quot;credit&quot;:&quot;&quot;,&quot;camera&quot;:&quot;&quot;,&quot;caption&quot;:&quot;&quot;,&quot;created_timestamp&quot;:&quot;0&quot;,&quot;copyright&quot;:&quot;&quot;,&quot;focal_length&quot;:&quot;0&quot;,&quot;iso&quot;:&quot;0&quot;,&quot;shutter_speed&quot;:&quot;0&quot;,&quot;title&quot;:&quot;&quot;,&quot;orientation&quot;:&quot;0&quot;}" data-image-title="API INVIT JOURDIN 2026_RECTO" data-image-description="" data-image-caption="" data-large-file="https://i0.wp.com/www.sylviane-gaussin.be/WP2/wp-content/uploads/2026/02/API-INVIT-JOURDIN-2026_RECTO-scaled.jpg?fit=1024%2C512" src="https://i0.wp.com/www.sylviane-gaussin.be/WP2/wp-content/uploads/2026/02/API-INVIT-JOURDIN-2026_RECTO-1024x512.jpg?resize=1024%2C512&#038;ssl=1" alt="" class="wp-image-14276" style="width:444px;height:auto" srcset="https://i0.wp.com/www.sylviane-gaussin.be/WP2/wp-content/uploads/2026/02/API-INVIT-JOURDIN-2026_RECTO-scaled.jpg?resize=1024%2C512 1024w, https://i0.wp.com/www.sylviane-gaussin.be/WP2/wp-content/uploads/2026/02/API-INVIT-JOURDIN-2026_RECTO-scaled.jpg?resize=300%2C150 300w, https://i0.wp.com/www.sylviane-gaussin.be/WP2/wp-content/uploads/2026/02/API-INVIT-JOURDIN-2026_RECTO-scaled.jpg?resize=768%2C384 768w, https://i0.wp.com/www.sylviane-gaussin.be/WP2/wp-content/uploads/2026/02/API-INVIT-JOURDIN-2026_RECTO-scaled.jpg?resize=1536%2C768 1536w, https://i0.wp.com/www.sylviane-gaussin.be/WP2/wp-content/uploads/2026/02/API-INVIT-JOURDIN-2026_RECTO-scaled.jpg?resize=2048%2C1024 2048w, https://i0.wp.com/www.sylviane-gaussin.be/WP2/wp-content/uploads/2026/02/API-INVIT-JOURDIN-2026_RECTO-scaled.jpg?w=2160 2160w" sizes="auto, (max-width: 1024px) 100vw, 1024px" /></a></figure>



<p></p>



<h2 class="wp-block-heading">Art en Chemin</h2>



<p>Nivelles</p>



<p>Du 17 au 19 avril &#8211; Samedi de 14h à 18h &#8211; Dimanche de 10h à 18h</p>



<figure class="wp-block-image size-large is-resized"><a href="https://i0.wp.com/www.sylviane-gaussin.be/WP2/wp-content/uploads/2026/03/26-04-17-BannerEvent-AEC26.png?ssl=1"><img data-recalc-dims="1" loading="lazy" decoding="async" width="1024" height="537" data-attachment-id="14489" data-permalink="http://www.sylviane-gaussin.be/WP2/index.php/actualite/26-04-17-bannerevent-aec26/" data-orig-file="https://i0.wp.com/www.sylviane-gaussin.be/WP2/wp-content/uploads/2026/03/26-04-17-BannerEvent-AEC26.png?fit=2048%2C1073" data-orig-size="2048,1073" data-comments-opened="1" data-image-meta="{&quot;aperture&quot;:&quot;0&quot;,&quot;credit&quot;:&quot;&quot;,&quot;camera&quot;:&quot;&quot;,&quot;caption&quot;:&quot;&quot;,&quot;created_timestamp&quot;:&quot;0&quot;,&quot;copyright&quot;:&quot;&quot;,&quot;focal_length&quot;:&quot;0&quot;,&quot;iso&quot;:&quot;0&quot;,&quot;shutter_speed&quot;:&quot;0&quot;,&quot;title&quot;:&quot;&quot;,&quot;orientation&quot;:&quot;0&quot;}" data-image-title="26-04-17-BannerEvent-AEC26" data-image-description="" data-image-caption="" data-large-file="https://i0.wp.com/www.sylviane-gaussin.be/WP2/wp-content/uploads/2026/03/26-04-17-BannerEvent-AEC26.png?fit=1024%2C537" src="https://i0.wp.com/www.sylviane-gaussin.be/WP2/wp-content/uploads/2026/03/26-04-17-BannerEvent-AEC26-1024x537.png?resize=1024%2C537&#038;ssl=1" alt="" class="wp-image-14489" style="aspect-ratio:1.9069239500567536;width:466px;height:auto" srcset="https://i0.wp.com/www.sylviane-gaussin.be/WP2/wp-content/uploads/2026/03/26-04-17-BannerEvent-AEC26.png?resize=1024%2C537 1024w, https://i0.wp.com/www.sylviane-gaussin.be/WP2/wp-content/uploads/2026/03/26-04-17-BannerEvent-AEC26.png?resize=300%2C157 300w, https://i0.wp.com/www.sylviane-gaussin.be/WP2/wp-content/uploads/2026/03/26-04-17-BannerEvent-AEC26.png?resize=768%2C402 768w, https://i0.wp.com/www.sylviane-gaussin.be/WP2/wp-content/uploads/2026/03/26-04-17-BannerEvent-AEC26.png?resize=1536%2C805 1536w, https://i0.wp.com/www.sylviane-gaussin.be/WP2/wp-content/uploads/2026/03/26-04-17-BannerEvent-AEC26.png?w=2048 2048w" sizes="auto, (max-width: 1024px) 100vw, 1024px" /></a></figure>



<h2 class="wp-block-heading">Ecrin</h2>



<p>Eghezée &#8211; 16 et 17 mai</p>

<p class="excerpt">API Art Perspectives International Château Jourdain &#8211; Kasteelweg 4 &#8211; 1950 Krainem VERNISSAGE: Vendredi 13 mars 2026 de 18h à 21h.Samedi 14 mars et dimanche 15 mars de 11h à 18h Art en Chemin Nivelles Du 17 au 19 avril &#8211; Samedi de 14h à 18h &#8211; Dimanche de 10h à 18h Ecrin Eghezée &#8211; [&hellip;]</p>
